12357731 a prime number?
True
Is 446833 a prime number?
False
Is 8170419 a composite number?
True
Is 26288147 a composite number?
False
Is 80302213 a prime number?
False
Is 282648539 a composite number?
False
Is 5818583 a composite number?
True
Is 9244667 prime?
True
Is 23466973 a composite number?
False
Is 4277093 a composite number?
False
Is 6573311 composite?
False
Is 4600469 a composite number?
True
Is 7672331 composite?
True
Is 31377499 a prime number?
True
Is 14155007 a prime number?
True
Is 2990671 prime?
False
Is 18202253 prime?
True
Is 3229433 a composite number?
False
Is 13857491 prime?
False
Is 13838015 prime?
False
Is 591838571 prime?
True
Is 348861559 a prime number?
False
Is 11414519 a composite number?
False
Is 242237 a prime number?
False
Is 12700223 prime?
True
Is 58083617 a prime number?
True
Is 127117703 composite?
False
Is 15007519 a prime number?
True
Is 63882779 a prime number?
True
Is 40786861 composite?
False
Is 10447711 prime?
True
Is 490619 composite?
False
Is 118063999 a prime number?
False
Is 113630609 a prime number?
False
Is 321238 a prime number?
False
Is 15114007 prime?
True
Is 1436465803 a composite number?
False
Is 808693 a prime number?
True
Is 2127887 composite?
False
Is 122371709 a prime number?
True
Is 3024467 prime?
False
Is 6162931 a composite number?
False
Is 66983843 a prime number?
False
Is 254773153 a composite number?
False
Is 2526383 composite?
False
Is 1832191 prime?
False
Is 7356669 composite?
True
Is 5312303 a composite number?
False
Is 221440847 a composite number?
False
Is 3449413 composite?
True
Is 1649719 a composite number?
True
Is 1647047 composite?
False
Is 5336161 composite?
True
Is 84660809 prime?
True
Is 83157677 a prime number?
True
Is 134759881 a prime number?
True
Is 190481359 a prime number?
True
Is 14726779 a prime number?
True
Is 18585169 a prime number?
False
Is 4202339 a composite number?
False
Is 609266171 prime?
False
Is 25195081 a prime number?
True
Is 8806717 prime?
False
Is 116792269 prime?
False
Is 65894321 a composite number?
False
Is 100777055 prime?
False
Is 6123003 composite?
True
Is 60882737 composite?
False
Is 2368127 prime?
True
Is 2156213 a prime number?
False
Is 664454689 composite?
False
Is 241135901 prime?
True
Is 620981 a prime number?
True
Is 203106551 composite?
True
Is 286921 a prime number?
False
Is 13661738 a composite number?
True
Is 2204143 prime?
True
Is 16591511 composite?
True
Is 38441593 a composite number?
False
Is 1003241 a prime number?
True
Is 159239549 composite?
True
Is 22785737 prime?
False
Is 1771709 composite?
True
Is 273495929 a composite number?
True
Is 2482633 composite?
True
Is 168617 composite?
False
Is 14216539 a prime number?
False
Is 2648927 a prime number?
False
Is 6336199 a composite number?
True
Is 61429609 a prime number?
True
Is 9018157 a composite number?
True
Is 751987 prime?
True
Is 1405039 composite?
False
Is 87629359 a prime number?
True
Is 20476693 a prime number?
False
Is 15742271 a composite number?
False
Is 36779779 composite?
False
Is 46604177 prime?
True
Is 61057247 a composite number?
False
Is 6036409 prime?
True
Is 17289061 composite?
False
Is 16977061 prime?
False
Is 412223 composite?
True
Is 2978297 composite?
True
Is 78629935 a composite number?
True
Is 117685961 composite?
False
Is 375055 a prime number?
False
Is 7833769 composite?
False
Is 95094553 prime?
True
Is 20748017 a composite number?
False
Is 2564273 composite?
True
Is 7237891 a prime number?
False
Is 20621 a composite number?
True
Is 17529 composite?
True
Is 12284579 a composite number?
True
Is 1340179 a prime number?
True
Is 2304142 a composite number?
True
Is 3017459 a composite number?
False
Is 47814419 a prime number?
False
Is 271236641 a composite number?
True
Is 253961966 composite?
True
Is 220127461 a prime number?
False
Is 663901409 prime?
True
Is 66835789 prime?
False
Is 4350693 composite?
True
Is 7723922 composite?
True
Is 12657353 a composite number?
False
Is 2183617 a composite number?
True
Is 28969609 composite?
True
Is 812853359 composite?
True
Is 11888939 a composite number?
False
Is 66361369 prime?
True
Is 197872457 composite?
True
Is 24975623 composite?
False
Is 229322887 a composite number?
True
Is 24984943 a composite number?
True
Is 26768437 a composite number?
False
Is 239243845 a prime number?
False
Is 10816419 a prime number?
False
Is 3218393 prime?
False
Is 302969573 composite?
True
Is 45836247 prime?
False
Is 834386185 prime?
False
Is 533447 a prime number?
True
Is 926966497 a prime number?
False
Is 7114011 a prime number?
False
Is 6659605 a prime number?
False
Is 5515889 a prime number?
False
Is 34801667 a prime number?
False
Is 2552645 composite?
True
Is 337884611 a composite number?
True
Is 671383 a prime number?
True
Is 11578949 a composite number?
False
Is 8579757 composite?
True
Is 322576747 a composite number?
False
Is 108617191 prime?
True
Is 139541531 composite?
False
Is 153567161 prime?
False
Is 101767 a composite number?
True
Is 3695182 composite?
True
Is 72643 prime?
True
Is 58812785 prime?
False
Is 2057537 a composite number?
False
Is 7441381 a prime number?
True
Is 40884967 a composite number?
True
Is 4950971 prime?
True
Is 25935959 a prime number?
False
Is 834367 a composite number?
False
Is 439017473 prime?
True
Is 4256599 a composite number?
True
Is 533963461 a composite number?
True
Is 1632089 prime?
False
Is 52963985 composite?
True
Is 17111909 prime?
True
Is 347241779 composite?
True
Is 73724791 a prime number?
False
Is 269479655 composite?
True
Is 121265597 composite?
False
Is 72061683 composite?
True
Is 16270799 prime?
True
Is 346622477 composite?
False
Is 122574407 composite?
False
Is 182632727 a prime number?
False
Is 2642261 prime?
False
Is 108984481 composite?
False
Is 138669433 a prime number?
False
Is 91576327 a prime number?
False
Is 759860873 a composite number?
False
Is 9536017 a prime number?
True
Is 52925593 composite?
True
Is 260711413 a composite number?
True
Is 5933401 composite?
False
Is 38058071 composite?
False
Is 32766253 composite?
True
Is 3916001 prime?
False
Is 78594721 a prime number?
True
Is 333198629 composite?
False
Is 3853591 composite?
True
Is 40426427 prime?
True
Is 12382841 prime?
True
Is 27164309 a prime number?
True
Is 896763947 a prime number?
True
Is 11173751 a composite number?
False
Is 6111139 composite?
False
Is 1424177 prime?
True
Is 1288643 prime?
True
Is 168264221 a composite number?
False
Is 100646893 composite?
True
Is 7158103 composite?
True
Is 2295619 a composite number?
False
Is 2854207 composite?
False
Is 509382833 a prime number?
False
Is 20274929 composite?
True
Is 312257 a composite number?
True
Is 41543258 a prime number?
False
Is 1821427 composite?
False
Is 325169441 prime?
False
Is 255883969 a composite number?
True
Is 716717 a composite number?
True
Is 27169907 a composite number?
True
Is 9678947 a composite number?
False
Is 152673 a prime number?
False
Is 42892571 prime?
False
Is 10491443 a composite number?
False
Is 2246999 composite?
False
Is 7992383 a composite number?
True
Is 1807903 a composite number?
False
Is 663437 prime?
True
Is 979267 a prime number?
False
Is 375899 a composite number?
False
Is 25071779 a composite number?
False
Is 3325337 prime?
False
Is 12662927 prime?
False
Is 6029497 a prime number?
True
Is 17243503 a composite number?
True
Is 11509411 prime?
False
Is 16556447 a composite number?
True
Is 211523233 prime?
False
Is 36451223 a prime number?
True
Is 10036753 prime?
True
Is 17188051 prime?
True
Is 401460719 a prime number?
False
Is 125901001 a composite number?
False
Is 265300073 a prime number?
False
Is 53318143 prime?
True
Is 5877463 prime?
False
Is 5128253 composite?
True
Is 14102038 a prime number?
False
Is 5563067 a composite number?
True
Is 3500297 composite?
False
Is 56322881 a composite number?
False
Is 249043 a composite number?
True
Is 153505057 composite?
True
Is 89420231 prime?
False
Is 98761217 composite?
True
Is 70196657 a composite number?
False
Is 4082311 composite?
False
Is 3272573 a composite number?
True
Is 50959757 composite?
True
Is 3110953 composite?
False
Is 1205229 prime?
False
Is 6897187 composite?
True
Is 230219 a prime number?
False
Is 55393738 composite?
True
Is 18692813 a composite number?
True